{"id":639,"date":"2025-08-27T19:20:56","date_gmt":"2025-08-27T19:20:56","guid":{"rendered":"https:\/\/ulfborg-fysio.dk\/?page_id=639"},"modified":"2025-09-18T12:45:54","modified_gmt":"2025-09-18T12:45:54","slug":"medarbejdere","status":"publish","type":"page","link":"https:\/\/ulfborg-fysio.dk\/?page_id=639","title":{"rendered":"Medarbejdere"},"content":{"rendered":"\n<div class=\"wp-block-media-text alignwide is-stacked-on-mobile\"><figure class=\"wp-block-media-text__media\"><img loading=\"lazy\" width=\"1024\" height=\"1024\" src=\"http:\/\/ulfborg-fysio.dk\/wp-content\/uploads\/2025\/08\/Ulfborg-fysio_20-1024x1024.jpg\" alt=\"\" class=\"wp-image-647 size-full\" srcset=\"https:\/\/ulfborg-fysio.dk\/wp-content\/uploads\/2025\/08\/Ulfborg-fysio_20-1024x1024.jpg 1024w, https:\/\/ulfborg-fysio.dk\/wp-content\/uploads\/2025\/08\/Ulfborg-fysio_20-300x300.jpg 300w, https:\/\/ulfborg-fysio.dk\/wp-content\/uploads\/2025\/08\/Ulfborg-fysio_20-150x150.jpg 150w, https:\/\/ulfborg-fysio.dk\/wp-content\/uploads\/2025\/08\/Ulfborg-fysio_20-768x768.jpg 768w, https:\/\/ulfborg-fysio.dk\/wp-content\/uploads\/2025\/08\/Ulfborg-fysio_20-1536x1536.jpg 1536w, https:\/\/ulfborg-fysio.dk\/wp-content\/uploads\/2025\/08\/Ulfborg-fysio_20-2048x2048.jpg 2048w\" sizes=\"(max-width: 1024px) 100vw, 1024px\" \/><\/figure><div class=\"wp-block-media-text__content\">\n<p><strong>Lene Dybdal<\/strong><br>Klinikejer og fysioterapeut Cert. MDT.<br>Uddannet i Holstebro 1992<\/p>\n\n\n\n<p><strong>Arbejdsomr\u00e5der:<\/strong>&nbsp;Unders\u00f8gelse og behandling af ryg, nakke, skulder.<\/p>\n\n\n\n<p><strong>Speciel interesse:<\/strong>&nbsp;Slidgigt, udvidet ryg og nakkeudredning.<\/p>\n\n\n\n<p><strong>Kurser og videreuddannelse:<\/strong>&nbsp;McKenzie (Cert. MDT), Mulligan Cert. CMP manuel terapi, Kinetic control Idr\u00e6tsfysioterapi, b\u00f8rneunders\u00f8gelse og behandling, MTT tr\u00e6ning, neurologi.<\/p>\n<\/div><\/div>\n\n\n\n<div class=\"wp-block-media-text alignwide is-stacked-on-mobile\"><figure class=\"wp-block-media-text__media\"><img loading=\"lazy\" width=\"1024\" height=\"1024\" src=\"http:\/\/ulfborg-fysio.dk\/wp-content\/uploads\/2025\/08\/250613_ulfborg-fysio_08-1024x1024.jpg\" alt=\"\" class=\"wp-image-646 size-full\" srcset=\"https:\/\/ulfborg-fysio.dk\/wp-content\/uploads\/2025\/08\/250613_ulfborg-fysio_08-1024x1024.jpg 1024w, https:\/\/ulfborg-fysio.dk\/wp-content\/uploads\/2025\/08\/250613_ulfborg-fysio_08-300x300.jpg 300w, https:\/\/ulfborg-fysio.dk\/wp-content\/uploads\/2025\/08\/250613_ulfborg-fysio_08-150x150.jpg 150w, https:\/\/ulfborg-fysio.dk\/wp-content\/uploads\/2025\/08\/250613_ulfborg-fysio_08-768x768.jpg 768w, https:\/\/ulfborg-fysio.dk\/wp-content\/uploads\/2025\/08\/250613_ulfborg-fysio_08-1536x1536.jpg 1536w, https:\/\/ulfborg-fysio.dk\/wp-content\/uploads\/2025\/08\/250613_ulfborg-fysio_08-2048x2048.jpg 2048w\" sizes=\"(max-width: 1024px) 100vw, 1024px\" \/><\/figure><div class=\"wp-block-media-text__content\">\n<p><strong>Rebecca Ganderup<\/strong><br>Fysioterapeut BA<br>Uddannet i Holstebro 2005<\/p>\n\n\n\n<p><strong>Arbejdsomr\u00e5der:<\/strong>&nbsp;Udvidet l\u00e6nderygunders\u00f8gelser, manuel behandling, massage, mobilisering, apparaturbehandling, ultralyd, kortb\u00f8lge, shockwave, tr\u00e6ning b\u00e5de individuel og p\u00e5 hold, b\u00f8rnebehandling , unders\u00f8gelser og behandlinger. Bassintr\u00e6ning samt MTT-tr\u00e6ning.<\/p>\n\n\n\n<p><strong>Kurser og videreuddannelse:<\/strong>&nbsp;Certificeret CMP (Mulliganterapeut), Certificeret udvidet l\u00e6nderygsterapeut, McKenzie A+B+C, Certificeret pilatesinstrukt\u00f8r, MT kurus (nakkeudredning samt behandling) MTT kursus, TRX kursus, Formthotics terapeut, kursus i trykb\u00f8lgeterapi, Movement ABC 2 (b\u00f8rnebehandling) samt kursus i sensorisk profil, diverse skulderkursus.<\/p>\n<\/div><\/div>\n\n\n\n<div class=\"wp-block-media-text alignwide is-stacked-on-mobile\"><figure class=\"wp-block-media-text__media\"><img loading=\"lazy\" width=\"1024\" height=\"1024\" src=\"http:\/\/ulfborg-fysio.dk\/wp-content\/uploads\/2025\/08\/Ulfborg-fysio_22-1024x1024.jpg\" alt=\"\" class=\"wp-image-649 size-full\" srcset=\"https:\/\/ulfborg-fysio.dk\/wp-content\/uploads\/2025\/08\/Ulfborg-fysio_22-1024x1024.jpg 1024w, https:\/\/ulfborg-fysio.dk\/wp-content\/uploads\/2025\/08\/Ulfborg-fysio_22-300x300.jpg 300w, https:\/\/ulfborg-fysio.dk\/wp-content\/uploads\/2025\/08\/Ulfborg-fysio_22-150x150.jpg 150w, https:\/\/ulfborg-fysio.dk\/wp-content\/uploads\/2025\/08\/Ulfborg-fysio_22-768x768.jpg 768w, https:\/\/ulfborg-fysio.dk\/wp-content\/uploads\/2025\/08\/Ulfborg-fysio_22-1536x1536.jpg 1536w, https:\/\/ulfborg-fysio.dk\/wp-content\/uploads\/2025\/08\/Ulfborg-fysio_22-2048x2048.jpg 2048w\" sizes=\"(max-width: 1024px) 100vw, 1024px\" \/><\/figure><div class=\"wp-block-media-text__content\">\n<p><strong>Kirsten Lund<\/strong><br>Fysioterapeut<br>Uddannet i Holstebro 1994<\/p>\n\n\n\n<p><strong>Arbejdsomr\u00e5der:<\/strong>&nbsp;Unders\u00f8gelse og behandling af ryg, nakke, skulder, tr\u00e6ning af neurologiske og geriatriske patienter, pilates, graviditets \u2013 og andre b\u00e6kkenproblemer, ergonomi,artrosepatienter, osteoporose.<\/p>\n\n\n\n<p><strong>Kurser og videreuddannelse:<\/strong>&nbsp;MTT, Mckenzie, Mulligan, Kinesiotape, Kinetic Control, Fysiopilates, MDT, manuel terapi,GLAD, akupunktur.<\/p>\n<\/div><\/div>\n\n\n\n<div class=\"wp-block-media-text alignwide is-stacked-on-mobile\"><figure class=\"wp-block-media-text__media\"><img loading=\"lazy\" width=\"1024\" height=\"1024\" src=\"http:\/\/ulfborg-fysio.dk\/wp-content\/uploads\/2025\/08\/250613_ulfborg-fysio_06-1024x1024.jpg\" alt=\"\" class=\"wp-image-644 size-full\" srcset=\"https:\/\/ulfborg-fysio.dk\/wp-content\/uploads\/2025\/08\/250613_ulfborg-fysio_06-1024x1024.jpg 1024w, https:\/\/ulfborg-fysio.dk\/wp-content\/uploads\/2025\/08\/250613_ulfborg-fysio_06-300x300.jpg 300w, https:\/\/ulfborg-fysio.dk\/wp-content\/uploads\/2025\/08\/250613_ulfborg-fysio_06-150x150.jpg 150w, https:\/\/ulfborg-fysio.dk\/wp-content\/uploads\/2025\/08\/250613_ulfborg-fysio_06-768x768.jpg 768w, https:\/\/ulfborg-fysio.dk\/wp-content\/uploads\/2025\/08\/250613_ulfborg-fysio_06-1536x1536.jpg 1536w, https:\/\/ulfborg-fysio.dk\/wp-content\/uploads\/2025\/08\/250613_ulfborg-fysio_06-2048x2048.jpg 2048w\" sizes=\"(max-width: 1024px) 100vw, 1024px\" \/><\/figure><div class=\"wp-block-media-text__content\">\n<p><strong>Anton Munk Andersen<\/strong><br>Fysioterapeut<br>Uddannet i Holstebro 2021<\/p>\n\n\n\n<p><strong>Arbejdsomr\u00e5der:<\/strong>&nbsp;Diagnosticering og behandling af sportsskader, unders\u00f8gelse og behandling af ryg, nakke, skulder og kn\u00e6 patienter. Personlig tr\u00e6ning samt holdtr\u00e6ning p\u00e5 klinikken.<\/p>\n\n\n\n<p><strong>Kurser og videreuddannelse:<\/strong>&nbsp;McKenzie A, Mulligan A, smertebehandler modul 1, akupunktur 1, sportsfysioterapi (kn\u00e6 og skulder) samt tapening.<\/p>\n<\/div><\/div>\n\n\n\n<div class=\"wp-block-media-text alignwide is-stacked-on-mobile\"><figure class=\"wp-block-media-text__media\"><img loading=\"lazy\" width=\"1024\" height=\"1024\" src=\"http:\/\/ulfborg-fysio.dk\/wp-content\/uploads\/2025\/08\/250613_ulfborg-fysio_03-1024x1024.jpg\" alt=\"\" class=\"wp-image-640 size-full\" srcset=\"https:\/\/ulfborg-fysio.dk\/wp-content\/uploads\/2025\/08\/250613_ulfborg-fysio_03-1024x1024.jpg 1024w, https:\/\/ulfborg-fysio.dk\/wp-content\/uploads\/2025\/08\/250613_ulfborg-fysio_03-300x300.jpg 300w, https:\/\/ulfborg-fysio.dk\/wp-content\/uploads\/2025\/08\/250613_ulfborg-fysio_03-150x150.jpg 150w, https:\/\/ulfborg-fysio.dk\/wp-content\/uploads\/2025\/08\/250613_ulfborg-fysio_03-768x768.jpg 768w, https:\/\/ulfborg-fysio.dk\/wp-content\/uploads\/2025\/08\/250613_ulfborg-fysio_03-1536x1536.jpg 1536w, https:\/\/ulfborg-fysio.dk\/wp-content\/uploads\/2025\/08\/250613_ulfborg-fysio_03-2048x2048.jpg 2048w\" sizes=\"(max-width: 1024px) 100vw, 1024px\" \/><\/figure><div class=\"wp-block-media-text__content\">\n<p><strong>Amalie Nissen<\/strong> <br>Fysioterapeut<br>Uddannet i Holstebro 2020<\/p>\n\n\n\n<p><strong>Arbejdsomr\u00e5der:<\/strong>&nbsp;Unders\u00f8gelse, diagnosticering og behandling af smerter i bev\u00e6gelsesapparatet s\u00e5 som f\u00f8dder, kn\u00e6, hofte, ryg og skulder. Akupunktur, cupping, tr\u00e6ning b\u00e5de individuelt og p\u00e5 hold. Behandling og tr\u00e6ning i Ulfborg og i Sdr. Nissum..<\/p>\n\n\n\n<p><strong>Kurser og videreuddannelse:<\/strong>&nbsp;Akupunktur (2024) og Cupping (2025)<\/p>\n<\/div><\/div>\n\n\n\n<div class=\"wp-block-media-text alignwide is-stacked-on-mobile\"><figure class=\"wp-block-media-text__media\"><img loading=\"lazy\" width=\"1024\" height=\"1024\" src=\"http:\/\/ulfborg-fysio.dk\/wp-content\/uploads\/2025\/08\/250613_ulfborg-fysio_07-1024x1024.jpg\" alt=\"\" class=\"wp-image-645 size-full\" srcset=\"https:\/\/ulfborg-fysio.dk\/wp-content\/uploads\/2025\/08\/250613_ulfborg-fysio_07-1024x1024.jpg 1024w, https:\/\/ulfborg-fysio.dk\/wp-content\/uploads\/2025\/08\/250613_ulfborg-fysio_07-300x300.jpg 300w, https:\/\/ulfborg-fysio.dk\/wp-content\/uploads\/2025\/08\/250613_ulfborg-fysio_07-150x150.jpg 150w, https:\/\/ulfborg-fysio.dk\/wp-content\/uploads\/2025\/08\/250613_ulfborg-fysio_07-768x768.jpg 768w, https:\/\/ulfborg-fysio.dk\/wp-content\/uploads\/2025\/08\/250613_ulfborg-fysio_07-1536x1536.jpg 1536w, https:\/\/ulfborg-fysio.dk\/wp-content\/uploads\/2025\/08\/250613_ulfborg-fysio_07-2048x2048.jpg 2048w\" sizes=\"(max-width: 1024px) 100vw, 1024px\" \/><\/figure><div class=\"wp-block-media-text__content\">\n<p><strong>Tobias Andersen<\/strong><br>Fysioterapeut Cert. MDT.<br>Uddannet i Holstebro 2023<\/p>\n\n\n\n<p><strong>Arbejdsomr\u00e5der:<\/strong>&nbsp;Manuel behandling og genoptr\u00e6ningsforl\u00f8b p\u00e5 klinikken i Ulfborg og satellitklinikken i Vemb.<\/p>\n\n\n\n<p><strong>Videreuddannelse:<\/strong>&nbsp;Osteopatiuddannelse v. European School of Osteopathy (2022-2026)<br>Diplomuddannelse i Sportsfysioterapi v. FIFA (2024-2026)<\/p>\n\n\n\n<p><strong>Kurser:<\/strong>&nbsp;Smertevidenskab v. Joshua Fein-Brown<br>MSK-uddannelse i brug af ultralyd til behandling af: Nakke og bryst\/ryg, skulder og albue, l\u00e6nderyg og pelvis, hofte og kn\u00e6 samt fod og ankel.<br>Ledmanipulation, fasciebehandling (bindev\u00e6v), visceral behandling (organer), kraniosakralterapi, Muskel Energi Teknikker, Cupping, Fysioflow, Medical Testing (klinik neurologi), Kognitiv adf\u00e6rdsterapi samt General Osteopathic Examination &amp; Treatment.<\/p>\n<\/div><\/div>\n\n\n\n<div class=\"wp-block-media-text alignwide is-stacked-on-mobile\"><figure class=\"wp-block-media-text__media\"><img loading=\"lazy\" width=\"1024\" height=\"1024\" src=\"http:\/\/ulfborg-fysio.dk\/wp-content\/uploads\/2025\/08\/250613_ulfborg-fysio_05-1024x1024.jpg\" alt=\"\" class=\"wp-image-643 size-full\" srcset=\"https:\/\/ulfborg-fysio.dk\/wp-content\/uploads\/2025\/08\/250613_ulfborg-fysio_05-1024x1024.jpg 1024w, https:\/\/ulfborg-fysio.dk\/wp-content\/uploads\/2025\/08\/250613_ulfborg-fysio_05-300x300.jpg 300w, https:\/\/ulfborg-fysio.dk\/wp-content\/uploads\/2025\/08\/250613_ulfborg-fysio_05-150x150.jpg 150w, https:\/\/ulfborg-fysio.dk\/wp-content\/uploads\/2025\/08\/250613_ulfborg-fysio_05-768x768.jpg 768w, https:\/\/ulfborg-fysio.dk\/wp-content\/uploads\/2025\/08\/250613_ulfborg-fysio_05-1536x1536.jpg 1536w, https:\/\/ulfborg-fysio.dk\/wp-content\/uploads\/2025\/08\/250613_ulfborg-fysio_05-2048x2048.jpg 2048w\" sizes=\"(max-width: 1024px) 100vw, 1024px\" \/><\/figure><div class=\"wp-block-media-text__content\">\n<p><strong>Camilla S. Bilde<\/strong><br>Fysioterapeut <br>Uddannet i Holstebro 2025                                                            <\/p>\n\n\n\n<p><strong>Arbejdsomr\u00e5der:<\/strong>\u00a0Unders\u00f8gelse og behandling af smerter relateret til bev\u00e6geapparatet, herunder ryg, nakke, hofte og kn\u00e6. Tilbyder manuel behandling samt tr\u00e6ning individuelt og p\u00e5 hold. <\/p>\n<\/div><\/div>\n\n\n\n<div class=\"wp-block-media-text alignwide is-stacked-on-mobile\"><figure class=\"wp-block-media-text__media\"><img loading=\"lazy\" width=\"1024\" height=\"1024\" src=\"http:\/\/ulfborg-fysio.dk\/wp-content\/uploads\/2025\/08\/Ulfborg-fysio_21-1024x1024.jpg\" alt=\"\" class=\"wp-image-648 size-full\" srcset=\"https:\/\/ulfborg-fysio.dk\/wp-content\/uploads\/2025\/08\/Ulfborg-fysio_21-1024x1024.jpg 1024w, https:\/\/ulfborg-fysio.dk\/wp-content\/uploads\/2025\/08\/Ulfborg-fysio_21-300x300.jpg 300w, https:\/\/ulfborg-fysio.dk\/wp-content\/uploads\/2025\/08\/Ulfborg-fysio_21-150x150.jpg 150w, https:\/\/ulfborg-fysio.dk\/wp-content\/uploads\/2025\/08\/Ulfborg-fysio_21-768x768.jpg 768w, https:\/\/ulfborg-fysio.dk\/wp-content\/uploads\/2025\/08\/Ulfborg-fysio_21-1536x1536.jpg 1536w, https:\/\/ulfborg-fysio.dk\/wp-content\/uploads\/2025\/08\/Ulfborg-fysio_21-2048x2048.jpg 2048w\" sizes=\"(max-width: 1024px) 100vw, 1024px\" \/><\/figure><div class=\"wp-block-media-text__content\">\n<p><strong>Kirsten Koefoed-Pedersen<\/strong><br>Kliniksekret\u00e6r og webredakt\u00f8r<br>Uddannet kontorassistent i 1990<br>Tilknyttet Ulfborg Klinik for Fysioterapi siden 2007<\/p>\n\n\n\n<p><strong>Arbejdsomr\u00e5der:<\/strong>&nbsp;Reception, tidsbestilling, bogf\u00f8ring mv. samt opdatering af klinikkens hjemmeside og Facebookside.<br>Deltager i netv\u00e6rksgruppe for kliniksekret\u00e6rer.<\/p>\n<\/div><\/div>\n","protected":false},"excerpt":{"rendered":"<p>Lene DybdalKlinikejer og fysioterapeut Cert. MDT.Uddannet i Holstebro 1992 Arbejdsomr\u00e5der:&nbsp;Unders\u00f8gelse og behandling af ryg, nakke, skulder. Speciel interesse:&nbsp;Slidgigt, udvidet ryg og nakkeudredning. Kurser og videreuddannelse:&nbsp;McKenzie (Cert. MDT), Mulligan Cert. CMP manuel terapi, Kinetic control Idr\u00e6tsfysioterapi, b\u00f8rneunders\u00f8gelse og behandling, MTT tr\u00e6ning, neurologi. Rebecca GanderupFysioterapeut BAUddannet i Holstebro 2005 Arbejdsomr\u00e5der:&nbsp;Udvidet l\u00e6nderygunders\u00f8gelser, manuel behandling, massage, mobilisering, apparaturbehandling, ultralyd, [&hellip;]<\/p>\n","protected":false},"author":1,"featured_media":0,"parent":0,"menu_order":0,"comment_status":"closed","ping_status":"closed","template":"","meta":{"ngg_post_thumbnail":0},"yoast_head":"<!-- This site is optimized with the Yoast SEO plugin v16.9 - https:\/\/yoast.com\/wordpress\/plugins\/seo\/ -->\n<meta name=\"robots\" content=\"index, follow, max-snippet:-1, max-image-preview:large, max-video-preview:-1\" \/>\n<link rel=\"canonical\" href=\"https:\/\/ulfborg-fysio.dk\/?page_id=639\" \/>\n<meta property=\"og:locale\" content=\"da_DK\" \/>\n<meta property=\"og:type\" content=\"article\" \/>\n<meta property=\"og:title\" content=\"Medarbejdere - Ulfborg Klinik for Fysioterapi\" \/>\n<meta property=\"og:description\" content=\"Lene DybdalKlinikejer og fysioterapeut Cert. MDT.Uddannet i Holstebro 1992 Arbejdsomr\u00e5der:&nbsp;Unders\u00f8gelse og behandling af ryg, nakke, skulder. Speciel interesse:&nbsp;Slidgigt, udvidet ryg og nakkeudredning. Kurser og videreuddannelse:&nbsp;McKenzie (Cert. MDT), Mulligan Cert. CMP manuel terapi, Kinetic control Idr\u00e6tsfysioterapi, b\u00f8rneunders\u00f8gelse og behandling, MTT tr\u00e6ning, neurologi. Rebecca GanderupFysioterapeut BAUddannet i Holstebro 2005 Arbejdsomr\u00e5der:&nbsp;Udvidet l\u00e6nderygunders\u00f8gelser, manuel behandling, massage, mobilisering, apparaturbehandling, ultralyd, [&hellip;]\" \/>\n<meta property=\"og:url\" content=\"https:\/\/ulfborg-fysio.dk\/?page_id=639\" \/>\n<meta property=\"og:site_name\" content=\"Ulfborg Klinik for Fysioterapi\" \/>\n<meta property=\"article:modified_time\" content=\"2025-09-18T12:45:54+00:00\" \/>\n<meta property=\"og:image\" content=\"http:\/\/ulfborg-fysio.dk\/wp-content\/uploads\/2025\/08\/Ulfborg-fysio_20-1024x1024.jpg\" \/>\n<meta name=\"twitter:card\" content=\"summary\" \/>\n<meta name=\"twitter:label1\" content=\"Estimeret l\u00e6setid\" \/>\n\t<meta name=\"twitter:data1\" content=\"4 minutter\" \/>\n<script type=\"application\/ld+json\" class=\"yoast-schema-graph\">{\"@context\":\"https:\/\/schema.org\",\"@graph\":[{\"@type\":\"WebSite\",\"@id\":\"https:\/\/ulfborg-fysio.dk\/#website\",\"url\":\"https:\/\/ulfborg-fysio.dk\/\",\"name\":\"Ulfborg Klinik for Fysioterapi\",\"description\":\"\",\"potentialAction\":[{\"@type\":\"SearchAction\",\"target\":{\"@type\":\"EntryPoint\",\"urlTemplate\":\"https:\/\/ulfborg-fysio.dk\/?s={search_term_string}\"},\"query-input\":\"required name=search_term_string\"}],\"inLanguage\":\"da-DK\"},{\"@type\":\"ImageObject\",\"@id\":\"https:\/\/ulfborg-fysio.dk\/?page_id=639#primaryimage\",\"inLanguage\":\"da-DK\",\"url\":\"http:\/\/ulfborg-fysio.dk\/wp-content\/uploads\/2025\/08\/Ulfborg-fysio_20-1024x1024.jpg\",\"contentUrl\":\"http:\/\/ulfborg-fysio.dk\/wp-content\/uploads\/2025\/08\/Ulfborg-fysio_20-1024x1024.jpg\"},{\"@type\":\"WebPage\",\"@id\":\"https:\/\/ulfborg-fysio.dk\/?page_id=639#webpage\",\"url\":\"https:\/\/ulfborg-fysio.dk\/?page_id=639\",\"name\":\"Medarbejdere - Ulfborg Klinik for Fysioterapi\",\"isPartOf\":{\"@id\":\"https:\/\/ulfborg-fysio.dk\/#website\"},\"primaryImageOfPage\":{\"@id\":\"https:\/\/ulfborg-fysio.dk\/?page_id=639#primaryimage\"},\"datePublished\":\"2025-08-27T19:20:56+00:00\",\"dateModified\":\"2025-09-18T12:45:54+00:00\",\"breadcrumb\":{\"@id\":\"https:\/\/ulfborg-fysio.dk\/?page_id=639#breadcrumb\"},\"inLanguage\":\"da-DK\",\"potentialAction\":[{\"@type\":\"ReadAction\",\"target\":[\"https:\/\/ulfborg-fysio.dk\/?page_id=639\"]}]},{\"@type\":\"BreadcrumbList\",\"@id\":\"https:\/\/ulfborg-fysio.dk\/?page_id=639#breadcrumb\",\"itemListElement\":[{\"@type\":\"ListItem\",\"position\":1,\"name\":\"Hjem\",\"item\":\"https:\/\/ulfborg-fysio.dk\/\"},{\"@type\":\"ListItem\",\"position\":2,\"name\":\"Medarbejdere\"}]}]}<\/script>\n<!-- \/ Yoast SEO plugin. -->","yoast_head_json":{"robots":{"index":"index","follow":"follow","max-snippet":"max-snippet:-1","max-image-preview":"max-image-preview:large","max-video-preview":"max-video-preview:-1"},"canonical":"https:\/\/ulfborg-fysio.dk\/?page_id=639","og_locale":"da_DK","og_type":"article","og_title":"Medarbejdere - Ulfborg Klinik for Fysioterapi","og_description":"Lene DybdalKlinikejer og fysioterapeut Cert. MDT.Uddannet i Holstebro 1992 Arbejdsomr\u00e5der:&nbsp;Unders\u00f8gelse og behandling af ryg, nakke, skulder. Speciel interesse:&nbsp;Slidgigt, udvidet ryg og nakkeudredning. Kurser og videreuddannelse:&nbsp;McKenzie (Cert. MDT), Mulligan Cert. CMP manuel terapi, Kinetic control Idr\u00e6tsfysioterapi, b\u00f8rneunders\u00f8gelse og behandling, MTT tr\u00e6ning, neurologi. Rebecca GanderupFysioterapeut BAUddannet i Holstebro 2005 Arbejdsomr\u00e5der:&nbsp;Udvidet l\u00e6nderygunders\u00f8gelser, manuel behandling, massage, mobilisering, apparaturbehandling, ultralyd, [&hellip;]","og_url":"https:\/\/ulfborg-fysio.dk\/?page_id=639","og_site_name":"Ulfborg Klinik for Fysioterapi","article_modified_time":"2025-09-18T12:45:54+00:00","og_image":[{"url":"http:\/\/ulfborg-fysio.dk\/wp-content\/uploads\/2025\/08\/Ulfborg-fysio_20-1024x1024.jpg"}],"twitter_card":"summary","twitter_misc":{"Estimeret l\u00e6setid":"4 minutter"},"schema":{"@context":"https:\/\/schema.org","@graph":[{"@type":"WebSite","@id":"https:\/\/ulfborg-fysio.dk\/#website","url":"https:\/\/ulfborg-fysio.dk\/","name":"Ulfborg Klinik for Fysioterapi","description":"","potentialAction":[{"@type":"SearchAction","target":{"@type":"EntryPoint","urlTemplate":"https:\/\/ulfborg-fysio.dk\/?s={search_term_string}"},"query-input":"required name=search_term_string"}],"inLanguage":"da-DK"},{"@type":"ImageObject","@id":"https:\/\/ulfborg-fysio.dk\/?page_id=639#primaryimage","inLanguage":"da-DK","url":"http:\/\/ulfborg-fysio.dk\/wp-content\/uploads\/2025\/08\/Ulfborg-fysio_20-1024x1024.jpg","contentUrl":"http:\/\/ulfborg-fysio.dk\/wp-content\/uploads\/2025\/08\/Ulfborg-fysio_20-1024x1024.jpg"},{"@type":"WebPage","@id":"https:\/\/ulfborg-fysio.dk\/?page_id=639#webpage","url":"https:\/\/ulfborg-fysio.dk\/?page_id=639","name":"Medarbejdere - Ulfborg Klinik for Fysioterapi","isPartOf":{"@id":"https:\/\/ulfborg-fysio.dk\/#website"},"primaryImageOfPage":{"@id":"https:\/\/ulfborg-fysio.dk\/?page_id=639#primaryimage"},"datePublished":"2025-08-27T19:20:56+00:00","dateModified":"2025-09-18T12:45:54+00:00","breadcrumb":{"@id":"https:\/\/ulfborg-fysio.dk\/?page_id=639#breadcrumb"},"inLanguage":"da-DK","potentialAction":[{"@type":"ReadAction","target":["https:\/\/ulfborg-fysio.dk\/?page_id=639"]}]},{"@type":"BreadcrumbList","@id":"https:\/\/ulfborg-fysio.dk\/?page_id=639#breadcrumb","itemListElement":[{"@type":"ListItem","position":1,"name":"Hjem","item":"https:\/\/ulfborg-fysio.dk\/"},{"@type":"ListItem","position":2,"name":"Medarbejdere"}]}]}},"_links":{"self":[{"href":"https:\/\/ulfborg-fysio.dk\/index.php?rest_route=\/wp\/v2\/pages\/639"}],"collection":[{"href":"https:\/\/ulfborg-fysio.dk\/index.php?rest_route=\/wp\/v2\/pages"}],"about":[{"href":"https:\/\/ulfborg-fysio.dk\/index.php?rest_route=\/wp\/v2\/types\/page"}],"author":[{"embeddable":true,"href":"https:\/\/ulfborg-fysio.dk\/index.php?rest_route=\/wp\/v2\/users\/1"}],"replies":[{"embeddable":true,"href":"https:\/\/ulfborg-fysio.dk\/index.php?rest_route=%2Fwp%2Fv2%2Fcomments&post=639"}],"version-history":[{"count":3,"href":"https:\/\/ulfborg-fysio.dk\/index.php?rest_route=\/wp\/v2\/pages\/639\/revisions"}],"predecessor-version":[{"id":664,"href":"https:\/\/ulfborg-fysio.dk\/index.php?rest_route=\/wp\/v2\/pages\/639\/revisions\/664"}],"wp:attachment":[{"href":"https:\/\/ulfborg-fysio.dk\/index.php?rest_route=%2Fwp%2Fv2%2Fmedia&parent=639"}],"curies":[{"name":"wp","href":"https:\/\/api.w.org\/{rel}","templated":true}]}}